{"id":401,"date":"2023-03-21T05:54:54","date_gmt":"2023-03-21T05:54:54","guid":{"rendered":"https:\/\/arapcaogreniyorum.com.tr\/?page_id=401"},"modified":"2023-03-21T12:33:46","modified_gmt":"2023-03-21T12:33:46","slug":"kuran-yolu-tefsiri","status":"publish","type":"page","link":"https:\/\/arapcaogreniyorum.com.tr\/index.php\/kuran-yolu-tefsiri\/","title":{"rendered":"Kuran Yolu Tefsiri"},"content":{"rendered":"\n<p>\u015eaban P\u0130R\u0130\u015e<\/p>\n\n\n\n<figure class=\"wp-block-image size-full\"><img fetchpriority=\"high\" decoding=\"async\" width=\"703\" height=\"546\" src=\"http:\/\/arapcaogreniyorum.com.tr\/wp-content\/uploads\/2023\/03\/kuranyolu3.jpg\" alt=\"\" class=\"wp-image-124\" srcset=\"https:\/\/arapcaogreniyorum.com.tr\/wp-content\/uploads\/2023\/03\/kuranyolu3.jpg 703w, https:\/\/arapcaogreniyorum.com.tr\/wp-content\/uploads\/2023\/03\/kuranyolu3-350x272.jpg 350w, https:\/\/arapcaogreniyorum.com.tr\/wp-content\/uploads\/2023\/03\/kuranyolu3-300x233.jpg 300w\" sizes=\"(max-width: 703px) 100vw, 703px\" \/><\/figure>\n\n\n\n<p class=\"has-text-align-center has-vivid-red-color has-text-color has-medium-font-size\"><strong>KURAN  SIRASINA G\u00d6RE S\u00dbRELER VE TEFS\u0130R\u0130<\/strong><\/p>\n\n\n\n<figure class=\"wp-block-table\"><table><tbody><tr><td><a href=\"https:\/\/arapcaogreniyorum.com.tr\/index.php\/fatiha-suresi-tefsiri\/\">1<\/a><\/td><td><a href=\"https:\/\/arapcaogreniyorum.com.tr\/index.php\/fatiha-suresi-tefsiri\/\">Fatiha<\/a><\/td><\/tr><tr><td>2<\/td><td><a href=\"https:\/\/www.arapca.com\/spiris\/?page_id=6216\">Bakara<\/a><\/td><\/tr><tr><td>3<\/td><td><a href=\"https:\/\/www.arapca.com\/spiris\/?page_id=6218\">Al-i \u0130mran<\/a><\/td><\/tr><tr><td>4<\/td><td>Nisa<\/td><\/tr><tr><td>5<\/td><td>Maide<\/td><\/tr><tr><td>6<\/td><td><\/td><\/tr><tr><td>7<\/td><td><\/td><\/tr><tr><td>8<\/td><td><\/td><\/tr><tr><td>9<\/td><td><\/td><\/tr><tr><td>10<\/td><td><\/td><\/tr><tr><td>11<\/td><td><\/td><\/tr><tr><td>12<\/td><td><\/td><\/tr><tr><td>13<\/td><td><\/td><\/tr><tr><td>14<\/td><td><\/td><\/tr><tr><td>15<\/td><td><\/td><\/tr><tr><td>16<\/td><td><\/td><\/tr><tr><td>17<\/td><td><\/td><\/tr><tr><td>18<\/td><td><\/td><\/tr><tr><td>19<\/td><td><\/td><\/tr><tr><td>20<\/td><td><\/td><\/tr><tr><td>21<\/td><td><\/td><\/tr><tr><td>22<\/td><td><\/td><\/tr><tr><td>23<\/td><td><\/td><\/tr><tr><td>24<\/td><td><\/td><\/tr><tr><td>25<\/td><td><\/td><\/tr><tr><td>26.<\/td><td><\/td><\/tr><tr><td>27.<\/td><td><\/td><\/tr><tr><td>28.<\/td><td><\/td><\/tr><tr><td>29.<\/td><td><\/td><\/tr><tr><td>30.<\/td><td><\/td><\/tr><tr><td>31.<\/td><td><\/td><\/tr><tr><td>32.<\/td><td><\/td><\/tr><tr><td>33.<\/td><td><\/td><\/tr><tr><td>34.<\/td><td><\/td><\/tr><tr><td>35.<\/td><td><\/td><\/tr><tr><td>36.<\/td><td><\/td><\/tr><tr><td>37.<\/td><td><\/td><\/tr><tr><td>38.<\/td><td><\/td><\/tr><tr><td>39.<\/td><td><\/td><\/tr><tr><td>40.<\/td><td><\/td><\/tr><tr><td>41.<\/td><td><\/td><\/tr><tr><td>42.<\/td><td><\/td><\/tr><tr><td>43.<\/td><td><\/td><\/tr><tr><td>44.<\/td><td><\/td><\/tr><tr><td>45.<\/td><td><\/td><\/tr><tr><td>46.<\/td><td><\/td><\/tr><tr><td>47.<\/td><td><\/td><\/tr><tr><td>48.<\/td><td><\/td><\/tr><tr><td>49.<\/td><td><\/td><\/tr><tr><td>50.<\/td><td><\/td><\/tr><tr><td>51.<\/td><td><\/td><\/tr><tr><td>52.<\/td><td><\/td><\/tr><tr><td>53.<\/td><td><\/td><\/tr><tr><td>54.<\/td><td><\/td><\/tr><tr><td>55.<\/td><td><\/td><\/tr><tr><td>56.<\/td><td><\/td><\/tr><tr><td>57.<\/td><td><\/td><\/tr><tr><td>58.<\/td><td><\/td><\/tr><tr><td>59.<\/td><td><\/td><\/tr><tr><td>60.<\/td><td><\/td><\/tr><tr><td>61.<\/td><td><\/td><\/tr><tr><td>62.<\/td><td>\u00a0<\/td><\/tr><tr><td>63.<\/td><td>\u00a0<\/td><\/tr><tr><td>64.<\/td><td>\u00a0<\/td><\/tr><tr><td>65.<\/td><td>\u00a0<\/td><\/tr><tr><td>66.<\/td><td><\/td><\/tr><tr><td>67.<\/td><td>\u00a0<\/td><\/tr><tr><td>68.<\/td><td><\/td><\/tr><tr><td>69.<\/td><td><\/td><\/tr><tr><td>70.<\/td><td>\u00a0<\/td><\/tr><tr><td>71.<\/td><td>\u00a0<\/td><\/tr><tr><td>72.<\/td><td>\u00a0<\/td><\/tr><tr><td>73.<\/td><td>\u00a0<\/td><\/tr><tr><td>74.<\/td><td>\u00a0<\/td><\/tr><tr><td>75.<\/td><td>\u00a0<\/td><\/tr><tr><td>76.<\/td><td>\u00a0<\/td><\/tr><tr><td>77.<\/td><td>\u00a0<\/td><\/tr><tr><td>78.<\/td><td>\u00a0<\/td><\/tr><tr><td>79.<\/td><td>\u00a0<\/td><\/tr><tr><td>80.<\/td><td>\u00a0<\/td><\/tr><tr><td>81.<\/td><td>\u00a0<\/td><\/tr><tr><td>82.<\/td><td>\u00a0<\/td><\/tr><tr><td>83.<\/td><td>\u00a0<\/td><\/tr><tr><td>84.<\/td><td>\u00a0<\/td><\/tr><tr><td>85.<\/td><td>\u00a0<\/td><\/tr><tr><td>86.<\/td><td><\/td><\/tr><tr><td>87.<\/td><td>\u00a0<\/td><\/tr><tr><td>88.<\/td><td>\u00a0<\/td><\/tr><tr><td>89.<\/td><td>\u00a0<\/td><\/tr><tr><td>90.<\/td><td>\u00a0<\/td><\/tr><tr><td>91.<\/td><td>\u00a0<\/td><\/tr><tr><td>92.<\/td><td>\u00a0<\/td><\/tr><tr><td>93.<\/td><td>\u00a0<\/td><\/tr><tr><td>94.<\/td><td>\u00a0<\/td><\/tr><tr><td>95.<\/td><td>\u00a0<\/td><\/tr><tr><td>96.<\/td><td>\u00a0<\/td><\/tr><tr><td>97.<\/td><td>\u00a0<\/td><\/tr><tr><td>98.<\/td><td>\u00a0<\/td><\/tr><tr><td>99.<\/td><td><\/td><\/tr><tr><td>100.<\/td><td><\/td><\/tr><tr><td>101.<\/td><td><\/td><\/tr><tr><td>102.<\/td><td>\u00a0<\/td><\/tr><tr><td>103.<\/td><td><\/td><\/tr><tr><td>104.<\/td><td>\u00a0<\/td><\/tr><tr><td>105.<\/td><td>\u00a0<\/td><\/tr><tr><td>106.<\/td><td>\u00a0<\/td><\/tr><tr><td>107.<\/td><td><\/td><\/tr><tr><td>108.<\/td><td>\u00a0<\/td><\/tr><tr><td>109.<\/td><td>\u00a0<\/td><\/tr><tr><td>110.<\/td><td>\u00a0<\/td><\/tr><tr><td>111.<\/td><td>\u00a0<\/td><\/tr><tr><td>112.<\/td><td><\/td><\/tr><tr><td>113.<\/td><td><\/td><\/tr><tr><td>114.<\/td><td>\u00a0<\/td><\/tr><tr><td>101.<\/td><td>Karia<\/td><\/tr><tr><td>102.<\/td><td>Tekasur<\/td><\/tr><tr><td>103.<\/td><td>Asr<\/td><\/tr><tr><td>104.<\/td><td>H\u00fcmeze<\/td><\/tr><tr><td>105.<\/td><td>Fil<\/td><\/tr><tr><td>106.<\/td><td>Kurey\u015f<\/td><\/tr><tr><td>107.<\/td><td>M\u00e2un<\/td><\/tr><tr><td>108.<\/td><td>Kevser<\/td><\/tr><tr><td>109.<\/td><td>Kafirun<\/td><\/tr><tr><td>110.<\/td><td>Nasr<\/td><\/tr><tr><td>111.<\/td><td>Lehep<\/td><\/tr><tr><td>112.\u0130<\/td><td>hlas<\/td><\/tr><tr><td>113.<\/td><td>Felak<\/td><\/tr><tr><td>114.<\/td><td>Nas<\/td><\/tr><\/tbody><\/table><\/figure>\n\n\n\n<p><\/p>\n\n\n\n<p class=\"has-text-align-center has-vivid-red-color has-text-color has-medium-font-size\"><strong>ALFABET\u0130K SIRAYA G\u00d6RE S\u00dbRELER VE TEFS\u0130R\u0130<\/strong><\/p>\n\n\n\n<figure class=\"wp-block-table\"><table><tbody><tr><td>1<\/td><td>A\u2019la<\/td><\/tr><tr><td>2<\/td><td>A\u2019raf<\/td><\/tr><tr><td>3<\/td><td>Abese<\/td><\/tr><tr><td>4<\/td><td>Adiyat<\/td><\/tr><tr><td>5<\/td><td>Ahkaf<\/td><\/tr><tr><td>6<\/td><td>Ahzab<\/td><\/tr><tr><td>7<\/td><td>Alak<\/td><\/tr><tr><td>8<\/td><td>Al-i \u0130mran<\/td><\/tr><tr><td>9<\/td><td>Ankebut<\/td><\/tr><tr><td>10<\/td><td>Asr<\/td><\/tr><tr><td>11<\/td><td>Bakara<\/td><\/tr><tr><td>12<\/td><td>Beled<\/td><\/tr><tr><td>13<\/td><td>Beyyine<\/td><\/tr><tr><td>14<\/td><td>Buruc<\/td><\/tr><tr><td>15<\/td><td>Casiye<\/td><\/tr><tr><td>16<\/td><td>Cin<\/td><\/tr><tr><td>17<\/td><td>Cuma<\/td><\/tr><tr><td>18<\/td><td>Duha<\/td><\/tr><tr><td>19<\/td><td>Duhan<\/td><\/tr><tr><td>20<\/td><td>En\u2019am<\/td><\/tr><tr><td>21<\/td><td>Enbiya<\/td><\/tr><tr><td>22<\/td><td>Enfal<\/td><\/tr><tr><td>23<\/td><td>Fat\u0131r<\/td><\/tr><tr><td>24<\/td><td><a href=\"https:\/\/arapcaogreniyorum.com.tr\/index.php\/fatiha-suresi-tefsiri\/\">Fatiha<\/a><\/td><\/tr><tr><td>25<\/td><td>Fecr<\/td><\/tr><tr><td>26<\/td><td>Felak<\/td><\/tr><tr><td>27<\/td><td>Fetih<\/td><\/tr><tr><td>28<\/td><td>Fil<\/td><\/tr><tr><td>29<\/td><td>Furkan<\/td><\/tr><tr><td>30<\/td><td>Fussilet<\/td><\/tr><tr><td>31<\/td><td>Ga\u015fiye<\/td><\/tr><tr><td>32<\/td><td>Hacc<\/td><\/tr><tr><td>33<\/td><td>Hadid<\/td><\/tr><tr><td>34<\/td><td>Hakka<\/td><\/tr><tr><td>35<\/td><td>Ha\u015fr<\/td><\/tr><tr><td>36<\/td><td>Hicr<\/td><\/tr><tr><td>37<\/td><td>Hucurat<\/td><\/tr><tr><td>38<\/td><td>Hud<\/td><\/tr><tr><td>39<\/td><td>H\u00fcmeze<\/td><\/tr><tr><td>40<\/td><td>\u0130brahim<\/td><\/tr><tr><td>41<\/td><td>\u0130hlas<\/td><\/tr><tr><td>42<\/td><td>\u0130nfitar<\/td><\/tr><tr><td>43<\/td><td>\u0130nsan<\/td><\/tr><tr><td>44<\/td><td>\u0130n\u015fikak<\/td><\/tr><tr><td>45<\/td><td>\u0130n\u015firah<\/td><\/tr><tr><td>46<\/td><td>\u0130sra<\/td><\/tr><tr><td>47<\/td><td>Kadir<\/td><\/tr><tr><td>48<\/td><td>Kaf<\/td><\/tr><tr><td>49<\/td><td>Kafirun<\/td><\/tr><tr><td>50<\/td><td>Kalem<\/td><\/tr><tr><td>51<\/td><td>Kamer<\/td><\/tr><tr><td>52<\/td><td>Karia<\/td><\/tr><tr><td>53<\/td><td>Kasas<\/td><\/tr><tr><td>54<\/td><td>Kehf<\/td><\/tr><tr><td>55<\/td><td>Kevser<\/td><\/tr><tr><td>56<\/td><td>K\u0131yamet<\/td><\/tr><tr><td>57<\/td><td>Kurey\u015f<\/td><\/tr><tr><td>58<\/td><td>Lehep<\/td><\/tr><tr><td>59<\/td><td>Leyl<\/td><\/tr><tr><td>60<\/td><td>Lokman<\/td><\/tr><tr><td>61<\/td><td>M\u00e2ide<\/td><\/tr><tr><td>62<\/td><td>M\u00e2un<\/td><\/tr><tr><td>63<\/td><td>Mearic<\/td><\/tr><tr><td>64<\/td><td>Meryem<\/td><\/tr><tr><td>65<\/td><td>Muhammed&nbsp;<\/td><\/tr><tr><td>66<\/td><td>Mutaffifin<\/td><\/tr><tr><td>67<\/td><td>M\u00fc\u2019min<\/td><\/tr><tr><td>68<\/td><td>M\u00fccadele<\/td><\/tr><tr><td>69<\/td><td>M\u00fcddessir<\/td><\/tr><tr><td>70<\/td><td>M\u00fclk<\/td><\/tr><tr><td>71<\/td><td>M\u00fcminun<\/td><\/tr><tr><td>72<\/td><td>M\u00fcmtahine<\/td><\/tr><tr><td>73<\/td><td>M\u00fcnafikun<\/td><\/tr><tr><td>74<\/td><td>M\u00fcrselat<\/td><\/tr><tr><td>75<\/td><td>M\u00fczzemmil<\/td><\/tr><tr><td>76<\/td><td>Nahl<\/td><\/tr><tr><td>77<\/td><td>Nas<\/td><\/tr><tr><td>78<\/td><td>Nasr<\/td><\/tr><tr><td>79<\/td><td>Naziat<\/td><\/tr><tr><td>80<\/td><td>Nebe<\/td><\/tr><tr><td>81<\/td><td>Necm<\/td><\/tr><tr><td>82<\/td><td>Neml<\/td><\/tr><tr><td>83<\/td><td>Nisa<\/td><\/tr><tr><td>84<\/td><td>Nuh<\/td><\/tr><tr><td>85<\/td><td>Nur<\/td><\/tr><tr><td>86<\/td><td>Ra\u2019d<\/td><\/tr><tr><td>87<\/td><td>Rahman<\/td><\/tr><tr><td>88<\/td><td>Rum<\/td><\/tr><tr><td>89<\/td><td>S\u00e2d<\/td><\/tr><tr><td>90<\/td><td>Saff<\/td><\/tr><tr><td>91<\/td><td>Saffat<\/td><\/tr><tr><td>92<\/td><td>Sebe<\/td><\/tr><tr><td>93<\/td><td>Secde<\/td><\/tr><tr><td>94<\/td><td>\u015eems<\/td><\/tr><tr><td>95<\/td><td>\u015euara<\/td><\/tr><tr><td>96<\/td><td>\u015eura<\/td><\/tr><tr><td>97<\/td><td>Taha<\/td><\/tr><tr><td>98<\/td><td>Tahrim<\/td><\/tr><tr><td>99<\/td><td>Talak<\/td><\/tr><tr><td>100<\/td><td>Tar\u0131k<\/td><\/tr><tr><td>101<\/td><td>Teba\u011fun<\/td><\/tr><tr><td>102<\/td><td>Tekasur<\/td><\/tr><tr><td>103<\/td><td>Tekvir<\/td><\/tr><tr><td>104<\/td><td>Tevbe<\/td><\/tr><tr><td>105<\/td><td>Tin<\/td><\/tr><tr><td>106<\/td><td>Tur<\/td><\/tr><tr><td>107<\/td><td>V\u00e2k\u0131a<\/td><\/tr><tr><td>108<\/td><td>Yasin<\/td><\/tr><tr><td>109<\/td><td>Yunus<\/td><\/tr><tr><td>110<\/td><td>Yusuf<\/td><\/tr><tr><td>111<\/td><td>Zariyat<\/td><\/tr><tr><td>112<\/td><td>Zilzal<\/td><\/tr><tr><td>113<\/td><td>Zuhruf<\/td><\/tr><tr><td>114<\/td><td>Z\u00fcmer<\/td><\/tr><\/tbody><\/table><\/figure>\n\n\n\n<p class=\"has-text-align-center has-vivid-red-color has-text-color has-medium-font-size\"><strong>N\u00fczul S\u0131ras\u0131na G\u00f6re S\u00fbreler ve Tefsiri<\/strong><\/p>\n\n\n\n<figure class=\"wp-block-table\"><table><tbody><tr><td>1<\/td><td>Alak<\/td><\/tr><tr><td>2<\/td><td>Kalem<\/td><\/tr><tr><td>3<\/td><td>M\u00fczzemmil<\/td><\/tr><tr><td>4<\/td><td>M\u00fcddessir<\/td><\/tr><tr><td>5<\/td><td>Fatiha<\/td><\/tr><tr><td>6<\/td><td>Lehep<\/td><\/tr><tr><td>7<\/td><td>Tekvir<\/td><\/tr><tr><td>8<\/td><td>A\u2019la<\/td><\/tr><tr><td>9<\/td><td>Leyl<\/td><\/tr><tr><td>10<\/td><td>&nbsp;Fecr<\/td><\/tr><tr><td>11<\/td><td>Duha<\/td><\/tr><tr><td>12<\/td><td>\u0130n\u015firah<\/td><\/tr><tr><td>13<\/td><td>Asr<\/td><\/tr><tr><td>14<\/td><td>Adiyat<\/td><\/tr><tr><td>15<\/td><td>Kevser<\/td><\/tr><tr><td>16<\/td><td>Tekasur<\/td><\/tr><tr><td>17<\/td><td>M\u00e2un<\/td><\/tr><tr><td>18<\/td><td>Kafirun<\/td><\/tr><tr><td>19<\/td><td>Fil<\/td><\/tr><tr><td>20<\/td><td>Felak<\/td><\/tr><tr><td>21<\/td><td>Nas<\/td><\/tr><tr><td>22<\/td><td>\u0130hlas<\/td><\/tr><tr><td>23<\/td><td>Necm<\/td><\/tr><tr><td>24<\/td><td>Abese<\/td><\/tr><tr><td>25<\/td><td>Kadir<\/td><\/tr><tr><td>26<\/td><td>\u015eems<\/td><\/tr><tr><td>27<\/td><td>Buruc<\/td><\/tr><tr><td>28<\/td><td>Tin<\/td><\/tr><tr><td>29<\/td><td>Kurey\u015f<\/td><\/tr><tr><td>30<\/td><td>Karia<\/td><\/tr><tr><td>31<\/td><td>K\u0131yamet<\/td><\/tr><tr><td>32<\/td><td>H\u00fcmeze<\/td><\/tr><tr><td>33<\/td><td>M\u00fcrselat<\/td><\/tr><tr><td>34<\/td><td>Kaf<\/td><\/tr><tr><td>35<\/td><td>Beled<\/td><\/tr><tr><td>36<\/td><td>Tar\u0131k<\/td><\/tr><tr><td>37<\/td><td>Kamer<\/td><\/tr><tr><td>38<\/td><td>S\u00e2d<\/td><\/tr><tr><td>39<\/td><td>A\u2019raf<\/td><\/tr><tr><td>40<\/td><td>Cin<\/td><\/tr><tr><td>41<\/td><td>Yasin<\/td><\/tr><tr><td>42<\/td><td>Furkan<\/td><\/tr><tr><td>43<\/td><td>Fat\u0131r<\/td><\/tr><tr><td>44<\/td><td>Meryem<\/td><\/tr><tr><td>45<\/td><td>Taha<\/td><\/tr><tr><td>46<\/td><td>V\u00e2k\u0131a<\/td><\/tr><tr><td>47<\/td><td>\u015euara<\/td><\/tr><tr><td>48<\/td><td>Neml<\/td><\/tr><tr><td>49<\/td><td>Kasas<\/td><\/tr><tr><td>50<\/td><td>\u0130sra<\/td><\/tr><tr><td>51<\/td><td>Yunus<\/td><\/tr><tr><td>52<\/td><td>Hud<\/td><\/tr><tr><td>53<\/td><td>Yusuf<\/td><\/tr><tr><td>54<\/td><td>Hicr<\/td><\/tr><tr><td>55<\/td><td>En\u2019am<\/td><\/tr><tr><td>56<\/td><td>Saffat<\/td><\/tr><tr><td>57<\/td><td>Lokman<\/td><\/tr><tr><td>58<\/td><td>Sebe<\/td><\/tr><tr><td>59<\/td><td>Z\u00fcmer<\/td><\/tr><tr><td>60<\/td><td>M\u00fc\u2019min<\/td><\/tr><tr><td>61<\/td><td>Fussilet<\/td><\/tr><tr><td>62<\/td><td>\u015eura<\/td><\/tr><tr><td>63<\/td><td>Zuhruf<\/td><\/tr><tr><td>64<\/td><td>Duhan<\/td><\/tr><tr><td>65<\/td><td>Casiye<\/td><\/tr><tr><td>66<\/td><td>Ahkaf<\/td><\/tr><tr><td>67<\/td><td>Zariyat<\/td><\/tr><tr><td>68<\/td><td>Ga\u015fiye<\/td><\/tr><tr><td>69<\/td><td>Kehf<\/td><\/tr><tr><td>70<\/td><td>Nahl<\/td><\/tr><tr><td>71<\/td><td>Nuh<\/td><\/tr><tr><td>72<\/td><td>\u0130brahim<\/td><\/tr><tr><td>73<\/td><td>Enbiya<\/td><\/tr><tr><td>74<\/td><td>M\u00fcminun<\/td><\/tr><tr><td>75<\/td><td>Secde<\/td><\/tr><tr><td>76<\/td><td>Tur<\/td><\/tr><tr><td>77<\/td><td>M\u00fclk<\/td><\/tr><tr><td>78<\/td><td>Hakka<\/td><\/tr><tr><td>79<\/td><td>Mearic<\/td><\/tr><tr><td>80<\/td><td>Nebe<\/td><\/tr><tr><td>81<\/td><td>Naziat<\/td><\/tr><tr><td>82<\/td><td>\u0130nfitar<\/td><\/tr><tr><td>83<\/td><td>\u0130n\u015fikak<\/td><\/tr><tr><td>84<\/td><td>Rum<\/td><\/tr><tr><td>85<\/td><td>Ankebut<\/td><\/tr><tr><td>86<\/td><td>Mutaffifin<\/td><\/tr><tr><td>87<\/td><td>Bakara<\/td><\/tr><tr><td>88<\/td><td>Enfal<\/td><\/tr><tr><td>89<\/td><td>Al-i \u0130mran<\/td><\/tr><tr><td>90<\/td><td>Ahzab<\/td><\/tr><tr><td>91<\/td><td>M\u00fcmtahine<\/td><\/tr><tr><td>92<\/td><td>Nisa<\/td><\/tr><tr><td>93<\/td><td>Zilzal<\/td><\/tr><tr><td>94<\/td><td>Hadid<\/td><\/tr><tr><td>95<\/td><td>Muhammed&nbsp;\u2013<\/td><\/tr><tr><td>96<\/td><td>Ra\u2019d<\/td><\/tr><tr><td>97<\/td><td>Rahman<\/td><\/tr><tr><td>98<\/td><td>\u0130nsan<\/td><\/tr><tr><td>99<\/td><td>Talak<\/td><\/tr><tr><td>100<\/td><td>Beyyine<\/td><\/tr><tr><td>101<\/td><td>Ha\u015fr<\/td><\/tr><tr><td>102<\/td><td>Nur<\/td><\/tr><tr><td>103<\/td><td>Hacc<\/td><\/tr><tr><td>104<\/td><td>M\u00fcnafikun<\/td><\/tr><tr><td>105<\/td><td>M\u00fccadele<\/td><\/tr><tr><td>106<\/td><td>Hucurat<\/td><\/tr><tr><td>107<\/td><td>Tahrim<\/td><\/tr><tr><td>108<\/td><td>Teba\u011fun<\/td><\/tr><tr><td>109<\/td><td>Saff<\/td><\/tr><tr><td>110<\/td><td>Cuma<\/td><\/tr><tr><td>111<\/td><td>Fetih<\/td><\/tr><tr><td>112<\/td><td>M\u00e2ide<\/td><\/tr><tr><td>113<\/td><td>Tevbe<\/td><\/tr><tr><td>114<\/td><td>Nasr<\/td><\/tr><\/tbody><\/table><\/figure>\n","protected":false},"excerpt":{"rendered":"<p>\u015eaban P\u0130R\u0130\u015e KURAN SIRASINA G\u00d6RE S\u00dbRELER VE TEFS\u0130R\u0130 1 Fatiha 2 Bakara 3 Al-i \u0130mran 4 Nisa 5 Maide 6 7 8 9 10 11 12 13 14 15 16 &hellip; <\/p>\n","protected":false},"author":1,"featured_media":0,"parent":0,"menu_order":0,"comment_status":"closed","ping_status":"closed","template":"","meta":{"om_disable_all_campaigns":false,"footnotes":""},"class_list":["post-401","page","type-page","status-publish","hentry"],"aioseo_notices":[],"jetpack_sharing_enabled":true,"_links":{"self":[{"href":"https:\/\/arapcaogreniyorum.com.tr\/index.php\/wp-json\/wp\/v2\/pages\/401","targetHints":{"allow":["GET"]}}],"collection":[{"href":"https:\/\/arapcaogreniyorum.com.tr\/index.php\/wp-json\/wp\/v2\/pages"}],"about":[{"href":"https:\/\/arapcaogreniyorum.com.tr\/index.php\/wp-json\/wp\/v2\/types\/page"}],"author":[{"embeddable":true,"href":"https:\/\/arapcaogreniyorum.com.tr\/index.php\/wp-json\/wp\/v2\/users\/1"}],"replies":[{"embeddable":true,"href":"https:\/\/arapcaogreniyorum.com.tr\/index.php\/wp-json\/wp\/v2\/comments?post=401"}],"version-history":[{"count":8,"href":"https:\/\/arapcaogreniyorum.com.tr\/index.php\/wp-json\/wp\/v2\/pages\/401\/revisions"}],"predecessor-version":[{"id":421,"href":"https:\/\/arapcaogreniyorum.com.tr\/index.php\/wp-json\/wp\/v2\/pages\/401\/revisions\/421"}],"wp:attachment":[{"href":"https:\/\/arapcaogreniyorum.com.tr\/index.php\/wp-json\/wp\/v2\/media?parent=401"}],"curies":[{"name":"wp","href":"https:\/\/api.w.org\/{rel}","templated":true}]}}