{"id":489,"date":"2023-03-21T15:19:06","date_gmt":"2023-03-21T15:19:06","guid":{"rendered":"https:\/\/arapcaogreniyorum.com.tr\/?page_id=489"},"modified":"2023-03-21T15:19:07","modified_gmt":"2023-03-21T15:19:07","slug":"turkceye-gecmis-kurankelimeleri","status":"publish","type":"page","link":"https:\/\/arapcaogreniyorum.com.tr\/index.php\/turkceye-gecmis-kurankelimeleri\/","title":{"rendered":"T\u00fcrk\u00e7eye Ge\u00e7mi\u015f KuranKelimeleri"},"content":{"rendered":"\n<figure class=\"wp-block-embed is-type-video is-provider-youtube wp-block-embed-youtube wp-embed-aspect-16-9 wp-has-aspect-ratio\"><div class=\"wp-block-embed__wrapper\">\n<iframe title=\"\u062a\u0639\u0644\u064a\u0645 \u0627\u0644\u0644\u063a\u0629 \u0627\u0644\u0639\u0631\u0628\u064a\u0629-\u0643\u0644\u0645\u0627\u062a \u062a\u0631\u0643\u064a\u0629 \u0639\u0631\u0628\u064a\u0629 \u0627\u0644\u0627\u0635\u0644\/ ARAP\u00c7A DERSLER\u0130- KUR&#039;AN&#039;DAN T\u00dcRK\u00c7EYE GE\u00c7MI\u015e KELIMELER\" width=\"640\" height=\"360\" src=\"https:\/\/www.youtube.com\/embed\/CMh2OGtck5U?feature=oembed\" frameborder=\"0\" allow=\"accelerometer; autoplay; clipboard-write; encrypted-media; gyroscope; picture-in-picture; web-share\" referrerpolicy=\"strict-origin-when-cross-origin\" allowfullscreen><\/iframe>\n<\/div><\/figure>\n","protected":false},"excerpt":{"rendered":"","protected":false},"author":1,"featured_media":0,"parent":0,"menu_order":0,"comment_status":"closed","ping_status":"closed","template":"","meta":{"om_disable_all_campaigns":false,"footnotes":""},"class_list":["post-489","page","type-page","status-publish","hentry"],"aioseo_notices":[],"jetpack_sharing_enabled":true,"_links":{"self":[{"href":"https:\/\/arapcaogreniyorum.com.tr\/index.php\/wp-json\/wp\/v2\/pages\/489","targetHints":{"allow":["GET"]}}],"collection":[{"href":"https:\/\/arapcaogreniyorum.com.tr\/index.php\/wp-json\/wp\/v2\/pages"}],"about":[{"href":"https:\/\/arapcaogreniyorum.com.tr\/index.php\/wp-json\/wp\/v2\/types\/page"}],"author":[{"embeddable":true,"href":"https:\/\/arapcaogreniyorum.com.tr\/index.php\/wp-json\/wp\/v2\/users\/1"}],"replies":[{"embeddable":true,"href":"https:\/\/arapcaogreniyorum.com.tr\/index.php\/wp-json\/wp\/v2\/comments?post=489"}],"version-history":[{"count":1,"href":"https:\/\/arapcaogreniyorum.com.tr\/index.php\/wp-json\/wp\/v2\/pages\/489\/revisions"}],"predecessor-version":[{"id":490,"href":"https:\/\/arapcaogreniyorum.com.tr\/index.php\/wp-json\/wp\/v2\/pages\/489\/revisions\/490"}],"wp:attachment":[{"href":"https:\/\/arapcaogreniyorum.com.tr\/index.php\/wp-json\/wp\/v2\/media?parent=489"}],"curies":[{"name":"wp","href":"https:\/\/api.w.org\/{rel}","templated":true}]}}