{"id":4895,"date":"2023-03-22T06:25:30","date_gmt":"2023-03-22T06:25:30","guid":{"rendered":"https:\/\/arapcaogreniyorum.com.tr\/?page_id=4895"},"modified":"2023-05-22T05:32:18","modified_gmt":"2023-05-22T05:32:18","slug":"dokuman-ve-kitaplar","status":"publish","type":"page","link":"https:\/\/arapcaogreniyorum.com.tr\/index.php\/dokuman-ve-kitaplar\/","title":{"rendered":"Dok\u00fcman ve Kitaplar"},"content":{"rendered":"\n<p class=\"has-vivid-red-color has-text-color has-medium-font-size\"><strong>Ders Kitaplar\u0131<\/strong><\/p>\n\n\n\n<p><a href=\"http:\/\/hafiz.meb.gov.tr\/pdf\/ElifBa_2020.pdf\">Elifba Kitab\u0131-Meb<\/a><\/p>\n\n\n\n<p><a href=\"https:\/\/drive.google.com\/file\/d\/17wM0D6uyFo73Dtg37CssXsl-V6tUbEnK\/view\">A1 SEV\u0130YE (Medine \u00dcniversitesi Ders Kitab\u0131-1)<\/a><\/p>\n\n\n\n<p><a href=\"https:\/\/drive.google.com\/file\/d\/1o8eVwFvQogx-qPu4DZPF1B88N36Drm4U\/view\">9. S\u0131n\u0131f Arap\u00e7a Ders Kitab\u0131<\/a><\/p>\n\n\n\n<p><a href=\"https:\/\/drive.google.com\/file\/d\/1gGlDSArZWutmifUsVEhTdVcYIMwJKOz9\/view\">10. S\u0131n\u0131f Arap\u00e7a Ders Kitab\u0131<\/a><\/p>\n\n\n\n<p><a href=\"https:\/\/drive.google.com\/file\/d\/1PLCAs6-2QnYsMmHUVXfs7zIJ8vyGK9Vb\/view\">11. S\u0131n\u0131f Arap\u00e7a Ders Kitab\u0131<\/a><\/p>\n\n\n\n<p><a href=\"https:\/\/drive.google.com\/file\/d\/1yRxyHyNO9ziHHk4RqrKLMDfmgT1z19Ss\/view\">12. S\u0131n\u0131f Arap\u00e7a Ders Kitab\u0131<\/a><\/p>\n\n\n\n<p class=\"has-vivid-red-color has-text-color has-medium-font-size\"><strong>Hikaye Kitaplar\u0131<\/strong><\/p>\n\n\n\n<p><\/p>\n","protected":false},"excerpt":{"rendered":"<p>Ders Kitaplar\u0131 Elifba Kitab\u0131-Meb A1 SEV\u0130YE (Medine \u00dcniversitesi Ders Kitab\u0131-1) 9. S\u0131n\u0131f Arap\u00e7a Ders Kitab\u0131 10. S\u0131n\u0131f Arap\u00e7a Ders Kitab\u0131 11. S\u0131n\u0131f Arap\u00e7a Ders Kitab\u0131 12. S\u0131n\u0131f Arap\u00e7a Ders Kitab\u0131 &hellip; <\/p>\n","protected":false},"author":1,"featured_media":0,"parent":0,"menu_order":0,"comment_status":"closed","ping_status":"closed","template":"","meta":{"om_disable_all_campaigns":false,"footnotes":""},"class_list":["post-4895","page","type-page","status-publish","hentry"],"aioseo_notices":[],"jetpack_sharing_enabled":true,"_links":{"self":[{"href":"https:\/\/arapcaogreniyorum.com.tr\/index.php\/wp-json\/wp\/v2\/pages\/4895","targetHints":{"allow":["GET"]}}],"collection":[{"href":"https:\/\/arapcaogreniyorum.com.tr\/index.php\/wp-json\/wp\/v2\/pages"}],"about":[{"href":"https:\/\/arapcaogreniyorum.com.tr\/index.php\/wp-json\/wp\/v2\/types\/page"}],"author":[{"embeddable":true,"href":"https:\/\/arapcaogreniyorum.com.tr\/index.php\/wp-json\/wp\/v2\/users\/1"}],"replies":[{"embeddable":true,"href":"https:\/\/arapcaogreniyorum.com.tr\/index.php\/wp-json\/wp\/v2\/comments?post=4895"}],"version-history":[{"count":3,"href":"https:\/\/arapcaogreniyorum.com.tr\/index.php\/wp-json\/wp\/v2\/pages\/4895\/revisions"}],"predecessor-version":[{"id":7730,"href":"https:\/\/arapcaogreniyorum.com.tr\/index.php\/wp-json\/wp\/v2\/pages\/4895\/revisions\/7730"}],"wp:attachment":[{"href":"https:\/\/arapcaogreniyorum.com.tr\/index.php\/wp-json\/wp\/v2\/media?parent=4895"}],"curies":[{"name":"wp","href":"https:\/\/api.w.org\/{rel}","templated":true}]}}