{"id":8405,"date":"2023-05-31T07:17:57","date_gmt":"2023-05-31T07:17:57","guid":{"rendered":"https:\/\/arapcaogreniyorum.com.tr\/?page_id=8405"},"modified":"2023-05-31T07:17:59","modified_gmt":"2023-05-31T07:17:59","slug":"duhan-suresi","status":"publish","type":"page","link":"https:\/\/arapcaogreniyorum.com.tr\/index.php\/duhan-suresi\/","title":{"rendered":"Duhan S\u00fbresi"},"content":{"rendered":"\n<figure class=\"wp-block-embed is-type-video is-provider-youtube wp-block-embed-youtube wp-embed-aspect-16-9 wp-has-aspect-ratio\"><div class=\"wp-block-embed__wrapper\">\n<iframe title=\"Duhan suresi anlam\u0131 dinle Abdurrahman el Ussi (Duhan suresi arap\u00e7a yaz\u0131l\u0131\u015f\u0131 okunu\u015fu ve meali)\" width=\"640\" height=\"360\" src=\"https:\/\/www.youtube.com\/embed\/SZW3-fhUS9U?feature=oembed\" frameborder=\"0\" allow=\"accelerometer; autoplay; clipboard-write; encrypted-media; gyroscope; picture-in-picture; web-share\" referrerpolicy=\"strict-origin-when-cross-origin\" allowfullscreen><\/iframe>\n<\/div><\/figure>\n\n\n\n<h1 class=\"wp-block-heading\">44. D\u00dbHAN S\u00dbRES\u0130<\/h1>\n\n\n\n<p><em>(Mekke D\u00f6neminin ortalar\u0131nda indirilen bu s\u00fcre ismini 10. ayette ge\u00e7en &#8220;duhan&#8221; (duman) kelimesinden alm\u0131\u015ft\u0131r. 59 ayettir.)<\/em><\/p>\n\n\n\n<p><strong>Rahman ve Rahim&nbsp; Allah&#8217;\u0131n ad\u0131yla.<\/strong><\/p>\n\n\n\n<p><sup>1.<\/sup> H\u00e2 m\u00eem.<\/p>\n\n\n\n<p><sup>2.<\/sup> Apa\u00e7\u0131k kitaba andolsun ki..<\/p>\n\n\n\n<p><sup>3.<\/sup> Biz onu, m\u00fcbarek bir gecede indirdik. Biz, uyaranlar\u0131z.<\/p>\n\n\n\n<p><sup>4.<\/sup> O gece, her hikmetli i\u015f ayr\u0131l\u0131r.<\/p>\n\n\n\n<p><sup>5.<\/sup> Taraf\u0131m\u0131zdan bir emir ile biz el\u00e7i g\u00f6ndeririz.<\/p>\n\n\n\n<p><sup>6.<\/sup> Rabbinden bir rahmet olarak.. \u015e\u00fcphesiz O, i\u015fiten bilen O&#8217;dur.<\/p>\n\n\n\n<p><sup>7.<\/sup> G\u00f6klerin, yerin ve aras\u0131ndakilerin Rabbidir. E\u011fer ger\u00e7ekten bilenler iseniz.<\/p>\n\n\n\n<p><sup>8.<\/sup> O&#8217;ndan ba\u015fka ilah yoktur. Diriltir ve \u00f6ld\u00fcr\u00fcr. Sizin de Rabbiniz, sizden \u00f6nceki atalar\u0131n\u0131zda Rabbidir.<\/p>\n\n\n\n<p><sup>9.<\/sup> Fakat, onlar \u015f\u00fcphe i\u00e7inde oyalan\u0131rlar.<\/p>\n\n\n\n<p><sup>10.<\/sup> G\u00f6\u011f\u00fcn apa\u00e7\u0131k bir duman getirece\u011fi g\u00fcn\u00fc g\u00f6zle!<\/p>\n\n\n\n<p><sup>11.<\/sup> \u0130nsanlar\u0131 b\u00fcr\u00fcr. Bu, ac\u0131 bir azapt\u0131r. <sup>12.<\/sup> \u2011Rabbimiz, azab\u0131 bizden kald\u0131r, biz iman eden kimseleriz.<\/p>\n\n\n\n<p><sup>13.<\/sup> \u2011Onlar nereden \u00f6\u011f\u00fct alacaklar? Kendilerine apa\u00e7\u0131k bir el\u00e7i gelmi\u015fti. <sup>14.<\/sup> Sonra ondan y\u00fcz \u00e7evirmi\u015fler ve:<\/p>\n\n\n\n<p>\u2011\u00d6\u011fretilmi\u015f bir mecnun\/deli demi\u015flerdi.<\/p>\n\n\n\n<p><sup>15.<\/sup> \u2011Biz, azab\u0131 biraz kald\u0131r\u0131r\u0131z siz de tekrar d\u00f6nerseniz.<\/p>\n\n\n\n<p><sup>16.<\/sup> B\u00fcy\u00fck bir \u015fiddetle yakalayaca\u011f\u0131m\u0131z g\u00fcn, elbette intikam alaca\u011f\u0131z.<\/p>\n\n\n\n<p><sup>17.<\/sup> Onlardan \u00f6nce Firavun kavmini de imtihan etmi\u015ftik. Onlara \u015ferefli bir el\u00e7i gelmi\u015fti.<\/p>\n\n\n\n<p><sup>18.<\/sup> Allah&#8217;\u0131n kullar\u0131n\u0131 bana b\u0131rak\u0131n, ben g\u00fcvenilir bir peygamberim, demi\u015fti.<\/p>\n\n\n\n<p><sup>19.<\/sup> \u2011Allah&#8217;a kar\u015f\u0131 \u00fcst\u00fcnl\u00fck taslamay\u0131n. Ben size apa\u00e7\u0131k bir delil getiriyorum.<\/p>\n\n\n\n<p><sup>20.<\/sup> Ve ben, beni ta\u015flaman\u0131zdan sizin de Rabbiniz olan Rabbime s\u0131\u011f\u0131nd\u0131m.<\/p>\n\n\n\n<p><sup>21.<\/sup> E\u011fer bana iman etmediyseniz, benden uzak durun. <sup>22.<\/sup> Musa:<\/p>\n\n\n\n<p>\u2011Bunlar, su\u00e7lu bir toplumdur, diyerek Rabbine dua etmi\u015fti.<\/p>\n\n\n\n<p><sup>23.<\/sup> (Rabbi de ona \u015f\u00f6yle buyurmu\u015ftu):<\/p>\n\n\n\n<p>\u2011Kullar\u0131m\u0131 geceleyin yola \u00e7\u0131kar, siz takip olunacaks\u0131n\u0131z.<\/p>\n\n\n\n<p><sup>24.<\/sup> Denizi durgun olarak terk et, \u015f\u00fcphesiz onlar, suda bo\u011fulacak bir ordudur.<\/p>\n\n\n\n<p><sup>25.<\/sup> Onlar nice bah\u00e7eleri ve p\u0131narlar\u0131 terk ettiler.<\/p>\n\n\n\n<p><sup>26.<\/sup> Ekinleri g\u00fczel konaklar\u0131&#8230;<\/p>\n\n\n\n<p><sup>27.<\/sup> \u0130\u00e7inde e\u011flenip durduklar\u0131 nimetleri&#8230;<\/p>\n\n\n\n<p><sup>28.<\/sup> \u0130\u015fte b\u00f6yle&#8230; Onu bir ba\u015fka topluma miras b\u0131rakt\u0131k.<\/p>\n\n\n\n<p><sup>29.<\/sup> Onlara ne g\u00f6k a\u011flad\u0131, ne de yer! Hi\u00e7 bekletilmediler.<\/p>\n\n\n\n<p><sup>30.<\/sup> \u0130srailo\u011fullar\u0131\u2019n\u0131 da al\u00e7alt\u0131c\u0131 azaptan kurtarm\u0131\u015ft\u0131k.<\/p>\n\n\n\n<p><sup>31.<\/sup> Firavundan, \u00e7\u00fcnk\u00fc o, haddi a\u015fan bir zorba idi.<\/p>\n\n\n\n<p><sup>32.<\/sup> Onlar\u0131 bir ilim \u00fczerinde toplumlar \u00fczerine se\u00e7kin k\u0131ld\u0131k.<\/p>\n\n\n\n<p><sup>33.<\/sup> Onlara, i\u00e7lerinde apa\u00e7\u0131k imtihanlar olan ayetler verdik.<\/p>\n\n\n\n<p><sup>34.<\/sup> Bunlar ise diyorlar ki:<\/p>\n\n\n\n<p><sup>35.<\/sup> \u2011Bir defa \u00f6ld\u00fckten sonra ba\u015fka bir \u015fey yoktur. Biz, yeniden diriltilecek de de\u011filiz.<\/p>\n\n\n\n<p><sup>36.<\/sup> Do\u011fru s\u00f6yleyenler iseniz, haydi babalar\u0131m\u0131z\u0131 getirin.<\/p>\n\n\n\n<p><sup>37.<\/sup> Onlar m\u0131 hay\u0131rl\u0131; yoksa Tubba halk\u0131 ve onlardan \u00f6ncekiler mi? Biz, onlar\u0131 helak ettik. \u00c7\u00fcnk\u00fc su\u00e7lu idiler.<\/p>\n\n\n\n<p><sup>38.<\/sup> Biz g\u00f6kleri, yeri ve aras\u0131ndakileri oyun olsun diye yaratmad\u0131k.<\/p>\n\n\n\n<p><sup>39.<\/sup> Onlar\u0131 ancak hak ile yaratt\u0131k. Fakat, onlar\u0131n \u00e7o\u011fu bilmez.<\/p>\n\n\n\n<p><sup>40.<\/sup> H\u00fck\u00fcm g\u00fcn\u00fc, onlar\u0131n hepsine s\u00f6z verilen vakittir.<\/p>\n\n\n\n<p><sup>41.<\/sup> O g\u00fcn, dostun dosta hi\u00e7 bir \u015fekilde faydas\u0131 olmaz. Onlara yard\u0131m da olunmaz.<\/p>\n\n\n\n<p><sup>42.<\/sup> Allah&#8217;\u0131n merhamet ettikleri d\u0131\u015f\u0131nda. \u00c7\u00fcnk\u00fc O, \u00e7ok g\u00fc\u00e7l\u00fc ve merhametlidir.<\/p>\n\n\n\n<p><sup>43.<\/sup> Zakkum a\u011fac\u0131&#8230;<\/p>\n\n\n\n<p><sup>44.<\/sup> G\u00fcnahkar\u0131n yeme\u011fidir.<\/p>\n\n\n\n<p><sup>45.<\/sup> Yanm\u0131\u015f ya\u011f gibi kar\u0131nlarda kaynar durur.<\/p>\n\n\n\n<p><sup>46.<\/sup> Kaynar suyunu kaynad\u0131\u011f\u0131 gibi&#8230;<\/p>\n\n\n\n<p><sup>47.<\/sup> \u2011Onu tutun, cehennemin ortas\u0131na at\u0131n.<\/p>\n\n\n\n<p><sup>48.<\/sup> Sonra kaynar su azab\u0131ndan ba\u015f\u0131ndan a\u015fa\u011f\u0131 bo\u015falt\u0131n.<\/p>\n\n\n\n<p><sup>49.<\/sup> \u2011Tat bunu, hani sen g\u00fc\u00e7l\u00fc ve \u015ferefliydin.<\/p>\n\n\n\n<p><sup>50.<\/sup> \u0130\u015fte bu sizin hakk\u0131nda \u015f\u00fcphe etti\u011finiz \u015feydir.<\/p>\n\n\n\n<p><sup>51.<\/sup> Kendilerini g\u00fcnahlardan koruyanlar ise, onlar g\u00fcvenli bir makamdad\u0131rlar.<\/p>\n\n\n\n<p><sup>52.<\/sup> Cennetlerde ve p\u0131narlarda&#8230;<\/p>\n\n\n\n<p><sup>53.<\/sup> Halis ipek ve parlak atlastan elbiseler giyerek, kar\u015f\u0131l\u0131kl\u0131 otururlar.<\/p>\n\n\n\n<p><sup>54.<\/sup> \u0130\u015fte b\u00f6yle, onlar\u0131 iri g\u00f6zl\u00fc hurilerle evlendiririz.<\/p>\n\n\n\n<p><sup>55.<\/sup> Orada g\u00fcven i\u00e7inde olarak her meyveyi isterler.<\/p>\n\n\n\n<p><sup>56.<\/sup> \u0130lk \u00f6l\u00fcmden ba\u015fka bir \u00f6l\u00fcm tatmazlar. Onlar cehennem azab\u0131ndan korunmu\u015ftur.<\/p>\n\n\n\n<p><sup>57.<\/sup> Rabbinden bir l\u00fctuf olarak. \u0130\u015fte b\u00fcy\u00fck kurtulu\u015f budur.<\/p>\n\n\n\n<p><sup>58.<\/sup> \u00d6\u011f\u00fct als\u0131nlar diye onu senin dilin ile kolayla\u015ft\u0131rd\u0131k.<\/p>\n\n\n\n<p><sup>59.<\/sup> O halde bekle zaten onlar da bekliyorlar.<\/p>\n","protected":false},"excerpt":{"rendered":"<p>44. D\u00dbHAN S\u00dbRES\u0130 (Mekke D\u00f6neminin ortalar\u0131nda indirilen bu s\u00fcre ismini 10. ayette ge\u00e7en &#8220;duhan&#8221; (duman) kelimesinden alm\u0131\u015ft\u0131r. 59 ayettir.) Rahman ve Rahim&nbsp; Allah&#8217;\u0131n ad\u0131yla. 1. H\u00e2 m\u00eem. 2. Apa\u00e7\u0131k kitaba &hellip; <\/p>\n","protected":false},"author":2,"featured_media":0,"parent":0,"menu_order":0,"comment_status":"closed","ping_status":"closed","template":"","meta":{"om_disable_all_campaigns":false,"footnotes":""},"class_list":["post-8405","page","type-page","status-publish","hentry"],"aioseo_notices":[],"jetpack_sharing_enabled":true,"_links":{"self":[{"href":"https:\/\/arapcaogreniyorum.com.tr\/index.php\/wp-json\/wp\/v2\/pages\/8405","targetHints":{"allow":["GET"]}}],"collection":[{"href":"https:\/\/arapcaogreniyorum.com.tr\/index.php\/wp-json\/wp\/v2\/pages"}],"about":[{"href":"https:\/\/arapcaogreniyorum.com.tr\/index.php\/wp-json\/wp\/v2\/types\/page"}],"author":[{"embeddable":true,"href":"https:\/\/arapcaogreniyorum.com.tr\/index.php\/wp-json\/wp\/v2\/users\/2"}],"replies":[{"embeddable":true,"href":"https:\/\/arapcaogreniyorum.com.tr\/index.php\/wp-json\/wp\/v2\/comments?post=8405"}],"version-history":[{"count":1,"href":"https:\/\/arapcaogreniyorum.com.tr\/index.php\/wp-json\/wp\/v2\/pages\/8405\/revisions"}],"predecessor-version":[{"id":8406,"href":"https:\/\/arapcaogreniyorum.com.tr\/index.php\/wp-json\/wp\/v2\/pages\/8405\/revisions\/8406"}],"wp:attachment":[{"href":"https:\/\/arapcaogreniyorum.com.tr\/index.php\/wp-json\/wp\/v2\/media?parent=8405"}],"curies":[{"name":"wp","href":"https:\/\/api.w.org\/{rel}","templated":true}]}}